{"id":330,"date":"2021-03-30T18:58:04","date_gmt":"2021-03-30T18:58:04","guid":{"rendered":"http:\/\/cmcurionopolis.pa.gov.br\/?page_id=330"},"modified":"2021-08-03T12:14:32","modified_gmt":"2021-08-03T15:14:32","slug":"regulamentacao-da-lai","status":"publish","type":"page","link":"https:\/\/cmcurionopolis.pa.gov.br\/index.php\/regulamentacao-da-lai\/","title":{"rendered":"Regulamenta\u00e7\u00e3o da LAI"},"content":{"rendered":"\n<div class=\"is-layout-flex wp-block-buttons\">\n<div class=\"wp-block-button\"><a class=\"wp-block-button__link\" href=\"https:\/\/drive.google.com\/file\/d\/1OQAem4vsWktRXf_1dAaCsmHXhJl28HAh\/view?usp=sharing\">CLICK AQUI PARA ABRIR O ARQUIVO<\/a><\/div>\n<\/div>\n\n\n\n<p>Resolu\u00e7\u00e3o 006\/2017 de 19 de outubro de 2017<\/p>\n\n\n\n<p>Disp\u00f5e sobre o acesso p\u00fablico a informa\u00e7\u00f5es da C\u00e2mara Municipal de Curion\u00f3polis, em Cumprimento \u00e0 Lei Federal N\u00ba 12.527, de 18 de Novembro de 2011.<\/p>\n","protected":false},"excerpt":{"rendered":"<p>Resolu\u00e7\u00e3o 006\/2017 de 19 de outubro de 2017 Disp\u00f5e sobre o acesso p\u00fablico a informa\u00e7\u00f5es da C\u00e2mara Municipal de Curion\u00f3polis, em Cumprimento \u00e0 Lei Federal N\u00ba 12.527, de 18 de [&hellip;]<\/p>\n","protected":false},"author":1,"featured_media":0,"parent":0,"menu_order":0,"comment_status":"closed","ping_status":"closed","template":"","meta":[],"_links":{"self":[{"href":"https:\/\/cmcurionopolis.pa.gov.br\/index.php\/wp-json\/wp\/v2\/pages\/330"}],"collection":[{"href":"https:\/\/cmcurionopolis.pa.gov.br\/index.php\/wp-json\/wp\/v2\/pages"}],"about":[{"href":"https:\/\/cmcurionopolis.pa.gov.br\/index.php\/wp-json\/wp\/v2\/types\/page"}],"author":[{"embeddable":true,"href":"https:\/\/cmcurionopolis.pa.gov.br\/index.php\/wp-json\/wp\/v2\/users\/1"}],"replies":[{"embeddable":true,"href":"https:\/\/cmcurionopolis.pa.gov.br\/index.php\/wp-json\/wp\/v2\/comments?post=330"}],"version-history":[{"count":4,"href":"https:\/\/cmcurionopolis.pa.gov.br\/index.php\/wp-json\/wp\/v2\/pages\/330\/revisions"}],"predecessor-version":[{"id":1254,"href":"https:\/\/cmcurionopolis.pa.gov.br\/index.php\/wp-json\/wp\/v2\/pages\/330\/revisions\/1254"}],"wp:attachment":[{"href":"https:\/\/cmcurionopolis.pa.gov.br\/index.php\/wp-json\/wp\/v2\/media?parent=330"}],"curies":[{"name":"wp","href":"https:\/\/api.w.org\/{rel}","templated":true}]}}