{"id":4321,"date":"2023-07-13T19:18:41","date_gmt":"2023-07-13T22:18:41","guid":{"rendered":"https:\/\/cmcurionopolis.pa.gov.br\/?page_id=4321"},"modified":"2025-06-09T21:47:06","modified_gmt":"2025-06-10T00:47:06","slug":"prestacao-de-contas-balanco-geral","status":"publish","type":"page","link":"https:\/\/cmcurionopolis.pa.gov.br\/index.php\/prestacao-de-contas-balanco-geral\/","title":{"rendered":"Presta\u00e7\u00e3o de Contas (Balan\u00e7o Geral)"},"content":{"rendered":"\n<p><em>*** No Campo de&nbsp;<strong>Pesquisa por texto-livre&nbsp;<\/strong>o cidad\u00e3o pode&nbsp;pesquisar por<\/em><strong><em>&nbsp;Descri\u00e7\u00e3o e Ano .<\/em><\/strong><\/p>\n\n\n\n<p><em>*** Clicando nos campos mostrados abaixo o cidad\u00e3o pode ordenar em ordem alfab\u00e9tica ou num\u00e9rica a informa\u00e7\u00e3o<strong>&nbsp;<\/strong><\/em><strong><em>Descri\u00e7\u00e3o e Ano<\/em><\/strong>.<\/p>\n\n\n\n<p><em><strong>Downloads:<\/strong><\/em><\/p>\n\n\n\n<div class=\"is-layout-flex wp-block-buttons\">\n<div class=\"wp-block-button\"><a class=\"wp-block-button__link has-white-color has-vivid-cyan-blue-background-color has-text-color has-background wp-element-button\" href=\"https:\/\/drive.google.com\/file\/d\/1qNLyyQKvu3catAYA4VpQ8uVDbqdO7mUR\/view?usp=sharing\">JSON<\/a><\/div>\n\n\n\n<div class=\"wp-block-button\"><a class=\"wp-block-button__link has-white-color has-vivid-green-cyan-background-color has-text-color has-background wp-element-button\" href=\"https:\/\/drive.google.com\/file\/d\/1mCZ2bmxNISjJTy68_5DSiB8IueOdK7mb\/view?usp=sharing\">CSV<\/a><\/div>\n<\/div>\n\n\n\n<table id=\"tablepress-15\" class=\"tablepress tablepress-id-15\">\n<thead>\n<tr class=\"row-1 odd\">\n\t<th class=\"column-1\">DESCRI\u00c7\u00c3O<\/th><th class=\"column-2\">ANO <\/th><th class=\"column-3\">DETALHES<\/th>\n<\/tr>\n<\/thead>\n<tbody class=\"row-hover\">\n<tr class=\"row-2 even\">\n\t<td class=\"column-1\">Presta\u00e7\u00e3o de Contas 2024 (Balan\u00e7o Geral)<\/td><td class=\"column-2\">2024<\/td><td class=\"column-3\"><a href=\"https:\/\/www.governotransparente.com.br\/transparencia\/documentos\/44249588\/download\/709\">Relat\u00f3rio Circunstanciado Anual de 2024<\/a><br \/>\n<br \/>\n<a href=\"https:\/\/drive.google.com\/file\/d\/1nqAOMoPtn8c4B87dZPDw94we7U2rYu8M\/view?usp=sharing\">ANEXO 12 -13 - 14 e 15<\/a><\/td>\n<\/tr>\n<tr class=\"row-3 odd\">\n\t<td class=\"column-1\">Presta\u00e7\u00e3o de Contas 2023 (Balan\u00e7o Geral)<\/td><td class=\"column-2\">2023<\/td><td class=\"column-3\"><a href=\"https:\/\/www.governotransparente.com.br\/transparencia\/documentos\/44249588\/download\/568\">Relat\u00f3rio Circunstanciado Anual de 2023<\/a><\/td>\n<\/tr>\n<tr class=\"row-4 even\">\n\t<td class=\"column-1\">Presta\u00e7\u00e3o de Contas 2022 (Balan\u00e7o Geral)<\/td><td class=\"column-2\">2022<\/td><td class=\"column-3\"><a href=\"https:\/\/www.governotransparente.com.br\/transparencia\/documentos\/44249588\/download\/289\">Relat\u00f3rio Circunstanciado Anual de 2022<\/a><\/td>\n<\/tr>\n<tr class=\"row-5 odd\">\n\t<td class=\"column-1\">Presta\u00e7\u00e3o de Contas 2021 (Balan\u00e7o Geral)<\/td><td class=\"column-2\">2021<\/td><td class=\"column-3\"><a href=\"https:\/\/www.governotransparente.com.br\/transparencia\/documentos\/44249588\/download\/237\">Relat\u00f3rio Circunstanciado Anual de 2021<\/a><\/td>\n<\/tr>\n<tr class=\"row-6 even\">\n\t<td class=\"column-1\">Presta\u00e7\u00e3o de Contas 2020 (Balan\u00e7o Geral)<\/td><td class=\"column-2\">2020<\/td><td class=\"column-3\"><a href=\"https:\/\/www.governotransparente.com.br\/transparencia\/documentos\/44249588\/download\/488\">Relat\u00f3rio Circunstanciado Anual de 2020<\/a><\/td>\n<\/tr>\n<tr class=\"row-7 odd\">\n\t<td class=\"column-1\">Presta\u00e7\u00e3o de Contas 2019 (Balan\u00e7o Geral)<\/td><td class=\"column-2\">2019<\/td><td class=\"column-3\"><a href=\"https:\/\/www.governotransparente.com.br\/transparencia\/documentos\/44249588\/download\/487\">Relat\u00f3rio Circunstanciado Anual de 2019<\/a><\/td>\n<\/tr>\n<\/tbody>\n<\/table>\n<!-- #tablepress-15 from cache -->\n","protected":false},"excerpt":{"rendered":"<p>*** No Campo de&nbsp;Pesquisa por texto-livre&nbsp;o cidad\u00e3o pode&nbsp;pesquisar por&nbsp;Descri\u00e7\u00e3o e Ano . *** Clicando nos campos mostrados abaixo o cidad\u00e3o pode ordenar em ordem alfab\u00e9tica ou num\u00e9rica a informa\u00e7\u00e3o&nbsp;Descri\u00e7\u00e3o e [&hellip;]<\/p>\n","protected":false},"author":1,"featured_media":0,"parent":0,"menu_order":0,"comment_status":"closed","ping_status":"closed","template":"","meta":[],"_links":{"self":[{"href":"https:\/\/cmcurionopolis.pa.gov.br\/index.php\/wp-json\/wp\/v2\/pages\/4321"}],"collection":[{"href":"https:\/\/cmcurionopolis.pa.gov.br\/index.php\/wp-json\/wp\/v2\/pages"}],"about":[{"href":"https:\/\/cmcurionopolis.pa.gov.br\/index.php\/wp-json\/wp\/v2\/types\/page"}],"author":[{"embeddable":true,"href":"https:\/\/cmcurionopolis.pa.gov.br\/index.php\/wp-json\/wp\/v2\/users\/1"}],"replies":[{"embeddable":true,"href":"https:\/\/cmcurionopolis.pa.gov.br\/index.php\/wp-json\/wp\/v2\/comments?post=4321"}],"version-history":[{"count":5,"href":"https:\/\/cmcurionopolis.pa.gov.br\/index.php\/wp-json\/wp\/v2\/pages\/4321\/revisions"}],"predecessor-version":[{"id":6580,"href":"https:\/\/cmcurionopolis.pa.gov.br\/index.php\/wp-json\/wp\/v2\/pages\/4321\/revisions\/6580"}],"wp:attachment":[{"href":"https:\/\/cmcurionopolis.pa.gov.br\/index.php\/wp-json\/wp\/v2\/media?parent=4321"}],"curies":[{"name":"wp","href":"https:\/\/api.w.org\/{rel}","templated":true}]}}