{"id":4361,"date":"2023-07-13T20:33:36","date_gmt":"2023-07-13T23:33:36","guid":{"rendered":"https:\/\/cmcurionopolis.pa.gov.br\/?page_id=4361"},"modified":"2023-07-27T22:20:49","modified_gmt":"2023-07-28T01:20:49","slug":"atendimento-direto-sic-fisico","status":"publish","type":"page","link":"https:\/\/cmcurionopolis.pa.gov.br\/index.php\/atendimento-direto-sic-fisico\/","title":{"rendered":"Atendimento Direto \u2013 SIC F\u00cdSICO\/e-SIC"},"content":{"rendered":"\n<p>Em atendimento \u00e0 A&nbsp;<a href=\"http:\/\/www.planalto.gov.br\/ccivil_03\/_ato2011-2014\/2011\/lei\/l12527.htm\">Lei Federal n\u00ba 12.527\/2011<\/a>, regulamentada no \u00e2mbito da C\u00e2mara Municipal de Curion\u00f3polis atrav\u00e9s do(a)<a href=\"https:\/\/www.governotransparente.com.br\/transparencia\/documentosinfo\/44249588\/download\/4\/REESOLU%C3%87%C3%83O-LAI.pdf\">&nbsp;Resolu\u00e7\u00e3o N. 006-2021-CMC de 19 de Outubro de 2017<\/a>, que garante ao cidad\u00e3o o direito constitucional de acesso \u00e0s informa\u00e7\u00f5es p\u00fablicas, a Prefeitura de Curion\u00f3polis Par\u00e1 disponibiliza o servi\u00e7o de informa\u00e7\u00e3o ao cidad\u00e3o \u2013 SIC para aqueles que desejam apresentar seu pedido de informa\u00e7\u00e3o p\u00fablica. O Atendimento pode ser prestado de forma presencial, em sua sede ou via internet. Informa\u00e7\u00f5es e orienta\u00e7\u00f5es poder\u00e3o ser prestadas via e-mail.<\/p>\n\n\n\n<p><strong>Unidade\/setor respons\u00e1vel pelo SIC<\/strong>: Controladoria Geral da C\u00e2mara Municipal<\/p>\n\n\n\n<p><strong>Endere\u00e7o<\/strong>: AVENIDA BRASIL, 235, CURION\u00d3POLIS &#8211; PA<\/p>\n\n\n\n<p><strong>Telefone<\/strong>: (94) 99136 3067<\/p>\n\n\n\n<p><strong>E-mail<\/strong>: ouvidoria@cmcurionopolis.pa.gov.br<\/p>\n\n\n\n<p><strong>Hor\u00e1rio de funcionamento<\/strong>: 08h \u00e0s 13h<\/p>\n\n\n\n<p><em><strong>Caso o cidad\u00e3o queira solicitar a informa\u00e7\u00e3o pela internet (requerimento eletr\u00f4nico), clique no bot\u00e3o abaixo<\/strong><\/em><\/p>\n\n\n\n<div class=\"is-layout-flex wp-block-buttons\">\n<div class=\"wp-block-button\"><a class=\"wp-block-button__link has-white-color has-vivid-cyan-blue-to-vivid-purple-gradient-background has-text-color has-background wp-element-button\" href=\"https:\/\/www.gdic.com.br\/modulo\/esic\/login\/4424588\"><strong>Pedidos de informa\u00e7\u00e3o de forma eletr\u00f4nica (e\u00adSIC)<\/strong><\/a><\/div>\n\n\n\n<div class=\"wp-block-button\"><a class=\"wp-block-button__link has-white-color has-luminous-vivid-amber-to-luminous-vivid-orange-gradient-background has-text-color has-background wp-element-button\" href=\"https:\/\/cmcurionopolis.pa.gov.br\/index.php\/e-sic-prazos-de-resposta-ao-cidadao\/\"><strong>Prazos de Resposta<\/strong><\/a><\/div>\n<\/div>\n\n\n\n<p><\/p>\n\n\n\n<div class=\"is-layout-flex wp-block-buttons\">\n<div class=\"wp-block-button\"><a class=\"wp-block-button__link has-vivid-green-cyan-background-color has-background wp-element-button\" href=\"https:\/\/www.gdic.com.br\/assets\/manuais\/manual-esic-cidadao.pdf\"><strong>Manual do Usu\u00e1rio<\/strong><\/a><\/div>\n\n\n\n<div class=\"wp-block-button\"><a class=\"wp-block-button__link has-vivid-red-background-color has-background wp-element-button\" href=\"https:\/\/cmcurionopolis.pa.gov.br\/index.php\/autoridades-para-o-exame-dos-pedidos-sic\/\">Autoridades para o exame dos pedidos<\/a><\/div>\n<\/div>\n","protected":false},"excerpt":{"rendered":"<p>Em atendimento \u00e0 A&nbsp;Lei Federal n\u00ba 12.527\/2011, regulamentada no \u00e2mbito da C\u00e2mara Municipal de Curion\u00f3polis atrav\u00e9s do(a)&nbsp;Resolu\u00e7\u00e3o N. 006-2021-CMC de 19 de Outubro de 2017, que garante ao cidad\u00e3o o [&hellip;]<\/p>\n","protected":false},"author":1,"featured_media":0,"parent":0,"menu_order":0,"comment_status":"closed","ping_status":"closed","template":"","meta":[],"_links":{"self":[{"href":"https:\/\/cmcurionopolis.pa.gov.br\/index.php\/wp-json\/wp\/v2\/pages\/4361"}],"collection":[{"href":"https:\/\/cmcurionopolis.pa.gov.br\/index.php\/wp-json\/wp\/v2\/pages"}],"about":[{"href":"https:\/\/cmcurionopolis.pa.gov.br\/index.php\/wp-json\/wp\/v2\/types\/page"}],"author":[{"embeddable":true,"href":"https:\/\/cmcurionopolis.pa.gov.br\/index.php\/wp-json\/wp\/v2\/users\/1"}],"replies":[{"embeddable":true,"href":"https:\/\/cmcurionopolis.pa.gov.br\/index.php\/wp-json\/wp\/v2\/comments?post=4361"}],"version-history":[{"count":6,"href":"https:\/\/cmcurionopolis.pa.gov.br\/index.php\/wp-json\/wp\/v2\/pages\/4361\/revisions"}],"predecessor-version":[{"id":4950,"href":"https:\/\/cmcurionopolis.pa.gov.br\/index.php\/wp-json\/wp\/v2\/pages\/4361\/revisions\/4950"}],"wp:attachment":[{"href":"https:\/\/cmcurionopolis.pa.gov.br\/index.php\/wp-json\/wp\/v2\/media?parent=4361"}],"curies":[{"name":"wp","href":"https:\/\/api.w.org\/{rel}","templated":true}]}}