{"id":4498,"date":"2023-07-14T17:05:00","date_gmt":"2023-07-14T20:05:00","guid":{"rendered":"https:\/\/cmcurionopolis.pa.gov.br\/?page_id=4498"},"modified":"2026-03-15T18:49:49","modified_gmt":"2026-03-15T21:49:49","slug":"pesquisa-de-satisfacao","status":"publish","type":"page","link":"https:\/\/cmcurionopolis.pa.gov.br\/index.php\/pesquisa-de-satisfacao\/","title":{"rendered":"Pesquisa de Satisfa\u00e7\u00e3o"},"content":{"rendered":"\n<p>Prezado(a) cidad\u00e3o(\u00e3),<\/p>\n\n\n\n<p>\u00c9 com imensa alegria que a C\u00e2mara Municipal de Curion\u00f3polis lhe convida a participar de uma pesquisa de satisfa\u00e7\u00e3o. Reconhecendo a import\u00e2ncia do di\u00e1logo cont\u00ednuo com os mun\u00edcipes, buscamos constantemente aprimorar nossos servi\u00e7os e atender \u00e0s necessidades e expectativas da comunidade local.<\/p>\n\n\n\n<p>O objetivo desta pesquisa \u00e9 avaliar a qualidade dos servi\u00e7os prestados pela C\u00e2mara Municipal e compreender o n\u00edvel de satisfa\u00e7\u00e3o dos cidad\u00e3os em rela\u00e7\u00e3o a diferentes aspectos da casa legislativa municipal. A sua participa\u00e7\u00e3o \u00e9 de extrema import\u00e2ncia para que possamos identificar pontos fortes e oportunidades de melhoria, promovendo um governo mais eficiente, transparente e voltado para o bem-estar da popula\u00e7\u00e3o.<\/p>\n\n\n\n<p>Gostar\u00edamos de ressaltar que todas as informa\u00e7\u00f5es coletadas ser\u00e3o tratadas com a m\u00e1xima confidencialidade e utilizadas apenas para fins estat\u00edsticos. Seu anonimato ser\u00e1 preservado, e suas respostas ser\u00e3o analisadas de forma agregada, garantindo a privacidade de cada participante.<\/p>\n\n\n\n<p>Portanto, pedimos que reserve alguns minutos do seu tempo para responder a esta pesquisa de satisfa\u00e7\u00e3o. Suas contribui\u00e7\u00f5es nos auxiliar\u00e3o a compreender melhor as necessidades da comunidade e direcionar nossos esfor\u00e7os para a constru\u00e7\u00e3o de uma cidade cada vez melhor.<\/p>\n\n\n\n<p>Agradecemos antecipadamente pela sua participa\u00e7\u00e3o. Juntos, poderemos construir uma Curion\u00f3polis mais eficiente e uma cidade mais pr\u00f3spera para todos.<\/p>\n\n\n\n<p>Atenciosamente,<\/p>\n\n\n\n<p>C\u00e2mara Municipal de Curion\u00f3polis<\/p>\n\n\n\n<p><em><strong>Clique no Bot\u00e3o abaixo para realizar a pesquisa e ajuda nossa cidade ainda mais<\/strong><\/em><\/p>\n\n\n\n<div class=\"is-layout-flex wp-block-buttons\">\n<div class=\"wp-block-button\"><a class=\"wp-block-button__link has-white-color has-vivid-cyan-blue-to-vivid-purple-gradient-background has-text-color has-background wp-element-button\" href=\"https:\/\/forms.gle\/G7ua95YwGb1U6twi8\">PESQUISA DE SATISFA\u00c7\u00c3O<\/a><\/div>\n<\/div>\n","protected":false},"excerpt":{"rendered":"<p>Prezado(a) cidad\u00e3o(\u00e3), \u00c9 com imensa alegria que a C\u00e2mara Municipal de Curion\u00f3polis lhe convida a participar de uma pesquisa de satisfa\u00e7\u00e3o. Reconhecendo a import\u00e2ncia do di\u00e1logo cont\u00ednuo com os mun\u00edcipes, [&hellip;]<\/p>\n","protected":false},"author":1,"featured_media":0,"parent":0,"menu_order":0,"comment_status":"closed","ping_status":"closed","template":"","meta":[],"_links":{"self":[{"href":"https:\/\/cmcurionopolis.pa.gov.br\/index.php\/wp-json\/wp\/v2\/pages\/4498"}],"collection":[{"href":"https:\/\/cmcurionopolis.pa.gov.br\/index.php\/wp-json\/wp\/v2\/pages"}],"about":[{"href":"https:\/\/cmcurionopolis.pa.gov.br\/index.php\/wp-json\/wp\/v2\/types\/page"}],"author":[{"embeddable":true,"href":"https:\/\/cmcurionopolis.pa.gov.br\/index.php\/wp-json\/wp\/v2\/users\/1"}],"replies":[{"embeddable":true,"href":"https:\/\/cmcurionopolis.pa.gov.br\/index.php\/wp-json\/wp\/v2\/comments?post=4498"}],"version-history":[{"count":4,"href":"https:\/\/cmcurionopolis.pa.gov.br\/index.php\/wp-json\/wp\/v2\/pages\/4498\/revisions"}],"predecessor-version":[{"id":6993,"href":"https:\/\/cmcurionopolis.pa.gov.br\/index.php\/wp-json\/wp\/v2\/pages\/4498\/revisions\/6993"}],"wp:attachment":[{"href":"https:\/\/cmcurionopolis.pa.gov.br\/index.php\/wp-json\/wp\/v2\/media?parent=4498"}],"curies":[{"name":"wp","href":"https:\/\/api.w.org\/{rel}","templated":true}]}}