{"id":4992,"date":"2023-08-08T11:24:01","date_gmt":"2023-08-08T14:24:01","guid":{"rendered":"https:\/\/cmcurionopolis.pa.gov.br\/?page_id=4992"},"modified":"2023-08-08T11:24:44","modified_gmt":"2023-08-08T14:24:44","slug":"sugestoes-de-proposta-legislativa","status":"publish","type":"page","link":"https:\/\/cmcurionopolis.pa.gov.br\/index.php\/sugestoes-de-proposta-legislativa\/","title":{"rendered":"Sugest\u00f5es de Proposta Legislativa"},"content":{"rendered":"\n<p>Sugest\u00f5es de propostas legislativas para o cidad\u00e3o \u00e9 um espa\u00e7o online da C\u00e2mara Municipal de Curion\u00f3polis que permite que os membros da comunidade apresentem ideias e sugest\u00f5es para novas leis ou modifica\u00e7\u00f5es nas existentes. Essa plataforma oferece a oportunidade para que os cidad\u00e3os participem ativamente no processo de formula\u00e7\u00e3o de pol\u00edticas p\u00fablicas e contribuam para o desenvolvimento da sociedade.<\/p>\n\n\n\n<p>A p\u00e1gina \u00e9 projetada de forma simples e amig\u00e1vel, permitindo que qualquer pessoa, independentemente do seu conhecimento em quest\u00f5es legais, possa submeter suas sugest\u00f5es de maneira clara e acess\u00edvel. Os cidad\u00e3os podem compartilhar ideias sobre uma variedade de fam\u00edlias, desde quest\u00f5es de meio ambiente at\u00e9 educa\u00e7\u00e3o, sa\u00fade, economia e justi\u00e7a.<\/p>\n\n\n\n<p>Ao submeter uma sugest\u00e3o, o cidad\u00e3o fornece detalhes sobre o problema que deseja abordar, explica por que considera importante e oferece solu\u00e7\u00f5es poss\u00edveis. Essas sugest\u00f5es s\u00e3o ent\u00e3o avaliadas por especialistas jur\u00eddicos e pol\u00edticos, que analisam a viabilidade, os impactos e o rem\u00e9dio das propostas. Aquelas que s\u00e3o consideradas promissoras passam por um processo de revis\u00e3o mais aprofundado.<\/p>\n\n\n\n<p>Para o cidad\u00e3o acompanhar se foi &#8220;APROVADO&#8221; ou &#8220;REPROVADO&#8221; a sua sugest\u00e3o \u00e9 s\u00f3 <a href=\"https:\/\/cmcurionopolis.pa.gov.br\/index.php\/projetos-de-lei\/\">acessar esse link<\/a><\/p>\n\n\n\n<div class=\"is-layout-flex wp-block-buttons\">\n<div class=\"wp-block-button\"><a class=\"wp-block-button__link has-white-color has-midnight-gradient-background has-text-color has-background wp-element-button\" href=\"https:\/\/docs.google.com\/forms\/d\/1dAuU_An6V19XubKjyusECaUfHfD4CPcpXh1XbzB7pQE\/prefill\">Formul\u00e1rio para Sugest\u00f5es de Proposta Legislativa<\/a><\/div>\n<\/div>\n","protected":false},"excerpt":{"rendered":"<p>Sugest\u00f5es de propostas legislativas para o cidad\u00e3o \u00e9 um espa\u00e7o online da C\u00e2mara Municipal de Curion\u00f3polis que permite que os membros da comunidade apresentem ideias e sugest\u00f5es para novas leis [&hellip;]<\/p>\n","protected":false},"author":1,"featured_media":0,"parent":0,"menu_order":0,"comment_status":"closed","ping_status":"closed","template":"","meta":[],"_links":{"self":[{"href":"https:\/\/cmcurionopolis.pa.gov.br\/index.php\/wp-json\/wp\/v2\/pages\/4992"}],"collection":[{"href":"https:\/\/cmcurionopolis.pa.gov.br\/index.php\/wp-json\/wp\/v2\/pages"}],"about":[{"href":"https:\/\/cmcurionopolis.pa.gov.br\/index.php\/wp-json\/wp\/v2\/types\/page"}],"author":[{"embeddable":true,"href":"https:\/\/cmcurionopolis.pa.gov.br\/index.php\/wp-json\/wp\/v2\/users\/1"}],"replies":[{"embeddable":true,"href":"https:\/\/cmcurionopolis.pa.gov.br\/index.php\/wp-json\/wp\/v2\/comments?post=4992"}],"version-history":[{"count":2,"href":"https:\/\/cmcurionopolis.pa.gov.br\/index.php\/wp-json\/wp\/v2\/pages\/4992\/revisions"}],"predecessor-version":[{"id":4994,"href":"https:\/\/cmcurionopolis.pa.gov.br\/index.php\/wp-json\/wp\/v2\/pages\/4992\/revisions\/4994"}],"wp:attachment":[{"href":"https:\/\/cmcurionopolis.pa.gov.br\/index.php\/wp-json\/wp\/v2\/media?parent=4992"}],"curies":[{"name":"wp","href":"https:\/\/api.w.org\/{rel}","templated":true}]}}