{"id":6253,"date":"2025-02-01T15:22:30","date_gmt":"2025-02-01T18:22:30","guid":{"rendered":"https:\/\/cmcurionopolis.pa.gov.br\/?page_id=6253"},"modified":"2025-02-01T15:22:31","modified_gmt":"2025-02-01T18:22:31","slug":"gestao-financeira-e-orcamentaria","status":"publish","type":"page","link":"https:\/\/cmcurionopolis.pa.gov.br\/index.php\/gestao-financeira-e-orcamentaria\/","title":{"rendered":"<strong>Gest\u00e3o Financeira e Or\u00e7ament\u00e1ria<\/strong>"},"content":{"rendered":"\n<p>Em cumprimento \u00e0\u00a0<strong>Instru\u00e7\u00e3o Normativa n\u00ba 04\/2024<\/strong>\u00a0, de\u00a0<strong>18 de junho de 2024<\/strong>\u00a0, do\u00a0<strong>Tribunal de Contas dos Munic\u00edpios (TCM-PA)<\/strong>\u00a0, esta p\u00e1gina tem como objetivo disponibilizar informa\u00e7\u00f5es inclu\u00eddas sobre a\u00a0<strong>Gest\u00e3o Financeira e Or\u00e7ament\u00e1ria<\/strong>\u00a0da C\u00e2mara Municipal de\u00a0<strong>Curion\u00f3polis<\/strong>\u00a0no contexto da\u00a0<strong>transi\u00e7\u00e3o de governo 2024\/2025<\/strong>\u00a0.<\/p>\n\n\n\n<p>A transpar\u00eancia na administra\u00e7\u00e3o p\u00fablica \u00e9 essencial para garantir a continuidade dos servi\u00e7os, o cumprimento das normas legais e a correta presta\u00e7\u00e3o de contas \u00e0 popula\u00e7\u00e3o. Neste espa\u00e7o, apresentamos os dados relacionados \u00e0s despesas, contratos, pagamentos, execu\u00e7\u00f5es or\u00e7ament\u00e1rias e demais informa\u00e7\u00f5es solicitadas pelos \u00f3rg\u00e3os de controle, permitindo um acompanhamento claro e objetivo da situa\u00e7\u00e3o financeira da gest\u00e3o municipal.<\/p>\n\n\n\n<p>Nosso compromisso \u00e9 garantir uma transi\u00e7\u00e3o eficiente e transparente, em conformidade com os princ\u00edpios da legalidade, efici\u00eancia e responsabilidade fiscal, promovendo uma administra\u00e7\u00e3o p\u00fablica \u00e9tica e acess\u00edvel a todos os cidad\u00e3os.<\/p>\n\n\n\n<table id=\"tablepress-40\" class=\"tablepress tablepress-id-40\">\n<thead>\n<tr class=\"row-1 odd\">\n\t<th class=\"column-1\">ITEM<\/th><th class=\"column-2\">DESCRI\u00c7\u00c3O<\/th><th class=\"column-3\">DOCUMENTO\/LINK<\/th>\n<\/tr>\n<\/thead>\n<tbody class=\"row-hover\">\n<tr class=\"row-2 even\">\n\t<td class=\"column-1\">A<\/td><td class=\"column-2\">Demonstrativos dos saldos financeiros dispon\u00edveis transferidos do exerc\u00edcio findo para o seguinte ou do final do mandato para o seguinte, por fontes ou destina\u00e7\u00f5es de recursos, correspondentes a: <br \/>\na.1) Termo de Confer\u00eancia do Saldo em Caixa, se existir; <br \/>\na.2) Termo de Confer\u00eancia de Saldos em Bancos, relativo a todas as contas correntes e contas aplica\u00e7\u00e3o, e, respectiva concilia\u00e7\u00e3o banc\u00e1ria; e, <br \/>\na.3) Rela\u00e7\u00e3o de valores pertencentes a terceiros e regularmente confiados \u00e0 guarda do setor financeiro do Poder (cau\u00e7\u00e3o, cautelas, consigna\u00e7\u00f5es, reten\u00e7\u00f5es e institutos cong\u00eaneres). <br \/>\n<\/td><td class=\"column-3\"><a href=\"https:\/\/drive.google.com\/file\/d\/1npdRAoi0ZjQJmD3fClDHhYplhFzixwJZ\/view?usp=sharing\">Demonstrativos dos saldos financeiros dispon\u00edveis<\/a><\/td>\n<\/tr>\n<tr class=\"row-3 odd\">\n\t<td class=\"column-1\">B<\/td><td class=\"column-2\">Demonstrativo de restos a pagar, referentes ao exerc\u00edcio financeiro findo e aos cinco anteriores, com:<br \/>\nb.1) Segrega\u00e7\u00e3o dos processados dos n\u00e3o processados, em ordem sequencial de n\u00famero de empenhos emitidos por ano; <br \/>\nb.2) Contempla\u00e7\u00e3o das fontes de recursos, <br \/>\nb.3) Classifica\u00e7\u00e3o funcional program\u00e1tica,<br \/>\nb.4) As respectivas dota\u00e7\u00f5es, os valores, as datas e os benefici\u00e1rios dos cr\u00e9ditos (notas de empenho);<br \/>\nb.5) Os processos de despesas de exerc\u00edcios anteriores (DEA);<br \/>\nb.6) Os processos de despesas de exerc\u00edcios anteriores (DEA) dos \u00faltimos 05 (cinco) exerc\u00edcios anteriores ainda n\u00e3o quitados;<br \/>\n<\/td><td class=\"column-3\"><a href=\"https:\/\/drive.google.com\/file\/d\/1Jg_UpgvihMnq6M3OhxFOp9fRC_w8uVFJ\/view?usp=sharing\">DECLARA\u00c7\u00c3O SOBRE RESTOS A PAGAR<\/a><\/td>\n<\/tr>\n<tr class=\"row-4 even\">\n\t<td class=\"column-1\">C<\/td><td class=\"column-2\">Rela\u00e7\u00e3o dos compromissos financeiros de longo prazo decorrentes de contratos de execu\u00e7\u00e3o de obras, conv\u00eanios e outros, discriminando o n\u00famero do instrumento contratual, a data, o credor, o objeto, o valor e a vig\u00eancia, bem como o n\u00edvel de execu\u00e7\u00e3o f\u00edsica e financeira da aven\u00e7a; <\/td><td class=\"column-3\"><a href=\"https:\/\/drive.google.com\/file\/d\/1EJGIr1GEwXHRDOWAq2TIhrgnrUWBqwbZ\/view?usp=sharing\">Rela\u00e7\u00e3o dos compromissos financeiros de longo prazo<\/a><\/td>\n<\/tr>\n<tr class=\"row-5 odd\">\n\t<td class=\"column-1\">D<\/td><td class=\"column-2\">C\u00f3pia do Relat\u00f3rio de Gest\u00e3o Fiscal (RGF) dos \u00faltimos 02 (dois) quadrimestres ou do 1\u00ba semestre, para os munic\u00edpios que gozem desta faculdade, com todos os seus anexos obrigat\u00f3rios;<\/td><td class=\"column-3\"><a href=\"https:\/\/cmcurionopolis.pa.gov.br\/index.php\/relatorio-de-gestao-fiscal-rgf\/\"> Relat\u00f3rio de Gest\u00e3o Fiscal (RGF) dos \u00faltimos 02 (dois) quadrimestres<\/a><\/td>\n<\/tr>\n<\/tbody>\n<\/table>\n\n","protected":false},"excerpt":{"rendered":"<p>Em cumprimento \u00e0\u00a0Instru\u00e7\u00e3o Normativa n\u00ba 04\/2024\u00a0, de\u00a018 de junho de 2024\u00a0, do\u00a0Tribunal de Contas dos Munic\u00edpios (TCM-PA)\u00a0, esta p\u00e1gina tem como objetivo disponibilizar informa\u00e7\u00f5es inclu\u00eddas sobre a\u00a0Gest\u00e3o Financeira e Or\u00e7ament\u00e1ria\u00a0da [&hellip;]<\/p>\n","protected":false},"author":1,"featured_media":0,"parent":0,"menu_order":0,"comment_status":"closed","ping_status":"closed","template":"","meta":[],"_links":{"self":[{"href":"https:\/\/cmcurionopolis.pa.gov.br\/index.php\/wp-json\/wp\/v2\/pages\/6253"}],"collection":[{"href":"https:\/\/cmcurionopolis.pa.gov.br\/index.php\/wp-json\/wp\/v2\/pages"}],"about":[{"href":"https:\/\/cmcurionopolis.pa.gov.br\/index.php\/wp-json\/wp\/v2\/types\/page"}],"author":[{"embeddable":true,"href":"https:\/\/cmcurionopolis.pa.gov.br\/index.php\/wp-json\/wp\/v2\/users\/1"}],"replies":[{"embeddable":true,"href":"https:\/\/cmcurionopolis.pa.gov.br\/index.php\/wp-json\/wp\/v2\/comments?post=6253"}],"version-history":[{"count":1,"href":"https:\/\/cmcurionopolis.pa.gov.br\/index.php\/wp-json\/wp\/v2\/pages\/6253\/revisions"}],"predecessor-version":[{"id":6254,"href":"https:\/\/cmcurionopolis.pa.gov.br\/index.php\/wp-json\/wp\/v2\/pages\/6253\/revisions\/6254"}],"wp:attachment":[{"href":"https:\/\/cmcurionopolis.pa.gov.br\/index.php\/wp-json\/wp\/v2\/media?parent=6253"}],"curies":[{"name":"wp","href":"https:\/\/api.w.org\/{rel}","templated":true}]}}